 + (-8 - 165). Let h = p + 238. Is h a composite number?
False
Let p be 6474/(-5)*9/(90/(-325)). Suppose -p = -5*d + 4*f, 34*d + 5*f - 42045 = 29*d. Is d a composite number?
True
Let k(f) = 12*f**3 + 2*f**2 - 7*f - 16. Suppose 12 = 2*a + 2*t, -27 = -8*a + 3*a - 2*t. Is k(a) prime?
True
Is ((-2600056)/190 - (-12)/114)*(1 - 6) a prime number?
False
Suppose -11*k + 81 + 51 = 0. Is k/18 - (-95367)/9 prime?
True
Let r(f) = -276*f + 343. Is r(-3) prime?
True
Let b(z) = 28*z - 56. Let x be b(26). Is 3 + x - (-7 - -5) a composite number?
False
Suppose -4*u - 39*q + 10248 = -35*q, -u + 5*q = -2556. Suppose -u = 10*b - 11*b. Is b prime?
False
Let q be 60/(-3)*(-106)/4. Suppose 4*l = 4*y + 1048, 4*l = y - 6*y - 1337. Let z = y + q. Is z a prime number?
False
Is (-75482)/(-143)*19 + ((-80)/26 - -3) a prime number?
False
Suppose -7*q + 2*q - 15 = 0, -3*q + 35997 = 3*l. Suppose 2*r = -4*p + l, -4*r + p + 13037 + 10994 = 0. Is r composite?
False
Suppose m + 0*k = -5*k - 65, -184 = 4*m + k. Is ((-18)/m)/((-2)/(-10)) - -899 a prime number?
False
Suppose p = -5*x + 1161466, -3*x + 109757 + 587127 = 5*p. Is x composite?
True
Let z(b) = -327527*b**3 + 8*b**2 + 15*b + 7. Is z(-1) prime?
False
Suppose 2*l = -15*u + 14*u + 867, 3*l + 4283 = 5*u. Suppose u*o = 851*o + 3632. Is o a prime number?
False
Suppose 0 = -27*o + 61766 + 55549. Suppose 8361 + o = 2*p. Is p composite?
False
Suppose -26*n + 826226 = -1474748. Is n composite?
False
Let u(o) = 403*o + 53723. Is u(0) prime?
False
Is ((-81)/324 - ((-8459429)/4 + 2)) + 6 a prime number?
False
Let w be ((-3990)/(-90))/(1*(-1)/(-3)). Let r = 1210 + w. Is r a composite number?
True
Let d be 1/((-8)/6) - 495/60. Is d/(63/49) + 3996 composite?
False
Let z be ((-6474)/10)/((-2)/10). Suppose 0 = -2*j - x + z, -3*j = 5*x - 1446 - 3392. Is j composite?
False
Is 3*(-155)/45*(-49 + -20990) a composite number?
True
Suppose 83*n = 86*n - 15. Suppose n*z - 4*r + 12702 = 41717, -17401 = -3*z + 4*r. Is z prime?
True
Let m(g) = 3*g**3 + 5*g**2 + 7*g. Let p be (-26)/5 + 2/10. Let t be m(p). Let i = 986 + t. Is i prime?
True
Suppose -6177*u - 136763171 = -6334*u. Is u prime?
True
Let r be (-9 - (-1 + 0))/(0 - 2). Suppose -6 = q - r*q. Suppose -q*x = -x - 1831. Is x composite?
False
Let j(q) = 7246*q**3 + 3*q**2 - 15*q + 23. Is j(2) composite?
False
Let o(n) = -652*n + 135. Let y(f) = f + 1. Let r(a) = o(a) - 3*y(a). Is r(-5) prime?
True
Suppose -2*t - 5*z = -101884, 4*t - 7*z = -10*z + 203726. Is t composite?
True
Suppose -9*j - 12481 - 533 = 0. Let v be 6/(-12)*(1 + -6747). Let d = j + v. Is d a prime number?
False
Let z = 90 - 85. Suppose -3*t - 1755 = -6*g + z*g, 3*g - t = 5265. Suppose -4207 = -5*y - 2*i, 3*y - 769 = -i + g. Is y a composite number?
True
Let t = -526 + -189. Let f = 2098 - t. Is f composite?
True
Let y = 73 + -63. Suppose y*s = 5*s + 10. Suppose 0 = -h - h - s*v + 826, -3*h + v + 1223 = 0. Is h a prime number?
True
Is -1 + (432953 - 2/((-8)/28)) prime?
True
Suppose 528*t - 523*t + 4*o = 2785031, -2*o - 1113998 = -2*t. Is t a prime number?
False
Let k = 252 + -237. Suppose -n + 2032 = 4*h, 0 = 2*h - n - 523 - 493. Suppose -11*y = -k*y + h. Is y a prime number?
True
Suppose 23*t - 1127938 = 1196461 - 924136. Is t a prime number?
False
Let u(y) = -37*y**3 + 27*y**2 - 2*y + 27. Let o be u(-14). Let v = o + -69590. Is v a composite number?
True
Let r(j) = -12070*j - 12079. Is r(-102) composite?
False
Let z be 1/(1/5) + 92. Let n = z - 67. Is 0 - (4/(-30) + (-71846)/n) a prime number?
False
Suppose 3*g = 2 + 4. Suppose 3*b - 2*b + g*t - 3563 = 0, t + 3566 = b. Let d = b - 678. Is d prime?
True
Suppose 5*m - 4*p - 440177 = 0, -176076 = 945*m - 947*m - p. Is m composite?
False
Suppose 0*p - 9*p + 18 = 0. Suppose -3*h - q - q = -12385, 0 = -p*h + 2*q + 8250. Is h a composite number?
False
Let c be 24/(-30)*-15 + -6. Suppose -u - 6 = u. Is 113 - c - -1 - (u - 0) composite?
True
Suppose 3580 = -2*d - 8*d. Let m be d/12*-4*6615/98. Suppose m = 8*b + b. Is b composite?
True
Suppose 0 = 8*b - 3*b + 5205. Suppose 306 = -3*i - 5*z + 6096, 5790 = 3*i + 2*z. Let t = i + b. Is t a prime number?
False
Let t(i) = 3*i**2 - 15*i + 10. Let u be t(4). Let d be u + 18/2 + -4. Is -2 + (4317/2 - d/(-6)) composite?
True
Let q be (-16)/3*(-150)/200. Suppose -3*c - 68855 = -q*o, -1834 - 32595 = -2*o + 3*c. Is o a prime number?
False
Let n(o) = 127*o**2 - 565*o + 115. Is n(44) composite?
True
Let k = -106 + 113. Let g = -10 + k. Is 1*3783 - (g + -1 - -8) a prime number?
True
Let u(o) = -6*o - 136. Let x be u(-23). Suppose 3*k - 6*k - 3 = 0, -2*y = -x*k - 14092. Is y composite?
True
Let b be 339 - (-18)/((-21)/7). Is (-2 + 7)*4/10 + b prime?
False
Suppose -14*n = -n. Suppose n = -j + o - 3*o + 7755, 5*j + 5*o = 38770. Is j a composite number?
False
Is 23/(345/2198440) - (30/(-9))/10 a composite number?
False
Let z(q) = -2*q**2 + 13*q + 4. Let y be z(7). Let t(l) = l**3 + 4*l**2 - 4. Let f be t(y). Let m(n) = 2*n**3 + 5*n**2 + 4*n - 6. Is m(f) a composite number?
False
Suppose -c + 25012 = 3*c + d, -4*d = 0. Suppose -7*m + c = -2*m + 2*j, -5*j - 2478 = -2*m. Is m a prime number?
True
Suppose -2*j = 5*w - 488, 5 = j + 6. Let a = 366 - w. Let u = a - -1633. Is u composite?
False
Suppose -4*j + 4*c + c = 57, 3*c + 9 = -3*j. Let a be (60/(-5) - j) + (-4)/(-1). Suppose a = -7*p + 13*p - 45834. Is p a composite number?
False
Suppose 0 = -3*v + 4*v - 39*v + 7168814. Is v a prime number?
True
Let a(z) = -1. Let k(y) = y - 936. Let c(g) = 3*a(g) - k(g). Is c(0) a composite number?
True
Let d be (18 - 17)*4*1. Suppose -d*m = 12*m + 32. Is ((-101)/(-3))/(-4*m/48) composite?
True
Suppose -y = -2*h + 25, -4*y - 5*h - 38 = 23. Let t = 17 + y. Is (-2 - 5/t)*614 composite?
False
Let x(w) = w**2 + 10*w - 6. Let m(n) = 9*n**3 + n. Suppose 2*v + r = -2*v + 2, -5*v = -5*r - 15. Let g be m(v). Is x(g) prime?
False
Suppose 0*c + c - 8 = 0. Suppose z = -c*z + 27. Is (1 - -22)*5 - -1*z a prime number?
False
Let b(z) = -1126*z - 22. Let g be b(-4). Suppose i - g = 1499. Is i a composite number?
False
Is (((-28)/(-8))/7)/((-13)/(-974558)) a prime number?
True
Suppose 5*y - 23 = -2*q, -y + q = -q + 5. Suppose -7764 = -3*r + 3*h, -8266 = -5*r + y*h + 4668. Let a = 4570 - r. Is a prime?
False
Let x = -380463 - -594380. Is x a prime number?
False
Suppose -87*x + 1095382 + 2914535 = 0. Is x composite?
False
Let r(o) be the first derivative of 24 - 21/2*o**2 + 3*o**3 + 9*o. Is r(-10) a prime number?
False
Let x be (6/18*6)/2. Is 1/6 + (428516/24)/x composite?
True
Suppose -4*c + 487062 + 811159 = 3*u, -432747 = -u + 2*c. Is u composite?
False
Suppose -10*l - 5*l + 8235314 = -851371. Is l prime?
True
Let p(q) be the third derivative of -q**4/8 - 7*q**3/3 + 12*q**2. Let z be p(-7). Suppose z*k - 3*k - 329 = o, -3*k - 2*o + 255 = 0. Is k a prime number?
True
Suppose -2*s = 6, -2*s + 722043 = 5*g - 328436. Is g a prime number?
True
Suppose 18*a = 16*a + p + 1, 4*p + 30 = -5*a. Is (a - -1)/((-1)/33851) prime?
True
Let z be (2/(-6))/(13/(-195)). Suppose -4277 - 4228 = -z*u. Suppose b - v = 848, -2*b + 4*b - v - u = 0. Is b composite?
False
Let i(d) = d**2 - 4*d - 30. Let c be i(8). Suppose -c*g + 3*a + 8833 = 0, 0 = -0*g - 2*g - 4*a + 8854. Is g a prime number?
True
Let y = -150814 - -223225. Is y composite?
True
Let x(a) = 336*a - 56. Let i be x(8). Suppose 172*t - 180*t = -i. Is t composite?
True
Suppose -3*k - s + 10 = 0, -2*s - 22 = -4*k + s. Suppose v - 1515 = -4*f, 7552 = 5*v + k*f - 7*f. Is v a composite number?
False
Let h(i) = 326186*i**3 - 12*i**2 + 4*i - 7. Is h(1) composite?
False
Suppose 6070020 = -143*h + 26025241. Is h prime?
True
Suppose 14*y + 133 = 2471. Suppose y*w = 175*w - 112432. Is w a prime number?
False
Let a be 160660*(60/(-16) - -4). Suppose 12*n + a = 4*p + 9*n, 9 = -3*n. Is p a composite number?
False
Let f = -67599 - -139760. Is f prime?
True
Let q = -94 - -97. Suppose 11*k = 13*k + 2, 0 = 2*c + q*k - 3179. Is c composite?
True
Suppose -29034 = -5*k + 2*w + 43176, -2*k - 4*w + 28908 = 0. Suppose k = 8*g - 6964. Let x = g + -1594. Is x composite?
True
Let r(c) = 36*c - 5. Let h be r(-6). Let z = 738 + h. Is z prime?
False
Let k = -124 - -127. Suppose 0 = -k*u + 3*z + 9, 3*u + 7 - 2 = -4*z. Is (-819)/(-9) + (u - 5) composite?
True
Let c be (2 + 0)/(4/12